[INFO] cloning repository https://github.com/HappyBeautysmile/stelllar_token_connect
[INFO] running `Command { std: "git" "-c" "credential.helper=" "-c" "credential.helper=/workspace/cargo-home/bin/git-credential-null" "clone" "--bare" "https://github.com/HappyBeautysmile/stelllar_token_connect" "/workspace/cache/git-repos/https%3A%2F%2Fgithub.com%2FHappyBeautysmile%2Fstelllar_token_connect", kill_on_drop: false }`
[INFO] [stderr] Cloning into bare repository '/workspace/cache/git-repos/https%3A%2F%2Fgithub.com%2FHappyBeautysmile%2Fstelllar_token_connect'...
[INFO] running `Command { std: "git" "rev-parse" "HEAD", kill_on_drop: false }`
[INFO] [stdout] 96625f111db32501d620fd0d201dc877f2fd9417
[INFO] checking HappyBeautysmile/stelllar_token_connect against master#9610dfe5a9a731ced1ea4923ecbd0c57fe367898 for beta-170-4
[INFO] running `Command { std: "git" "clone" "/workspace/cache/git-repos/https%3A%2F%2Fgithub.com%2FHappyBeautysmile%2Fstelllar_token_connect" "/workspace/builds/worker-3-tc1/source", kill_on_drop: false }`
[INFO] [stderr] Cloning into '/workspace/builds/worker-3-tc1/source'...
[INFO] [stderr] done.
[INFO] validating manifest of git repo https://github.com/HappyBeautysmile/stelllar_token_connect on toolchain 9610dfe5a9a731ced1ea4923ecbd0c57fe367898
[INFO] running `Command { std: CARGO_HOME="/workspace/cargo-home" RUSTUP_HOME="/workspace/rustup-home" "/workspace/cargo-home/bin/cargo" "+9610dfe5a9a731ced1ea4923ecbd0c57fe367898" "metadata" "--manifest-path" "Cargo.toml" "--no-deps", kill_on_drop: false }`
[INFO] removed /workspace/builds/worker-3-tc1/source/rust-toolchain.toml
[INFO] started tweaking git repo https://github.com/HappyBeautysmile/stelllar_token_connect
[INFO] finished tweaking git repo https://github.com/HappyBeautysmile/stelllar_token_connect
[INFO] tweaked toml for git repo https://github.com/HappyBeautysmile/stelllar_token_connect written to /workspace/builds/worker-3-tc1/source/Cargo.toml
[INFO] crate git repo https://github.com/HappyBeautysmile/stelllar_token_connect already has a lockfile, it will not be regenerated
[INFO] running `Command { std: CARGO_HOME="/workspace/cargo-home" RUSTUP_HOME="/workspace/rustup-home" "/workspace/cargo-home/bin/cargo" "+9610dfe5a9a731ced1ea4923ecbd0c57fe367898" "fetch" "--manifest-path" "Cargo.toml", kill_on_drop: false }`
[INFO] [stderr]     Updating git repository `https://github.com/stellar/rs-soroban-sdk`
[INFO] [stderr]     Updating git repository `https://github.com/stellar/rs-soroban-env`
[INFO] [stderr]     Updating git repository `https://github.com/stellar/rs-stellar-xdr`
[INFO] [stderr]     Updating git repository `https://github.com/stellar/soroban-token-contract`
[INFO] [stderr]     Updating crates.io index
[INFO] [stderr]     Blocking waiting for file lock on package cache
[INFO] [stderr]  Downloading crates ...
[INFO] [stderr]   Downloaded soroban-wasmi-validation v0.4.1
[INFO] [stderr]   Downloaded bytes-lit v0.0.3
[INFO] [stderr]   Downloaded soroban-wasmi_core v0.1.0
[INFO] [stderr]   Downloaded soroban-wasmi v0.11.0
[INFO] [stderr]   Downloaded soroban-spec v0.0.4
[INFO] running `Command { std: "docker" "create" "-v" "/var/lib/crater-agent-workspace/builds/worker-3-tc1/target:/opt/rustwide/target:rw,Z" "-v" "/var/lib/crater-agent-workspace/builds/worker-3-tc1/source:/opt/rustwide/workdir:ro,Z" "-v" "/var/lib/crater-agent-workspace/cargo-home:/opt/rustwide/cargo-home:ro,Z" "-v" "/var/lib/crater-agent-workspace/rustup-home:/opt/rustwide/rustup-home:ro,Z" "-e" "SOURCE_DIR=/opt/rustwide/workdir" "-e" "CARGO_TARGET_DIR=/opt/rustwide/target" "-e" "CARGO_HOME=/opt/rustwide/cargo-home" "-e" "RUSTUP_HOME=/opt/rustwide/rustup-home" "-w" "/opt/rustwide/workdir" "-m" "1610612736" "--user" "0:0" "--network" "none" "ghcr.io/rust-lang/crates-build-env/linux@sha256:19e73879b68f455e41552ea35293514db52ea292d993f571636dbffedb77a1ee" "/opt/rustwide/cargo-home/bin/cargo" "+9610dfe5a9a731ced1ea4923ecbd0c57fe367898" "metadata" "--no-deps" "--format-version=1", kill_on_drop: false }`
[INFO] [stdout] a0ee8ad6ced9c1309b4e76d5c982a9e1fb225a7ed7bdd911b839f3db60d5a3ce
[INFO] running `Command { std: "docker" "start" "-a" "a0ee8ad6ced9c1309b4e76d5c982a9e1fb225a7ed7bdd911b839f3db60d5a3ce", kill_on_drop: false }`
[INFO] running `Command { std: "docker" "inspect" "a0ee8ad6ced9c1309b4e76d5c982a9e1fb225a7ed7bdd911b839f3db60d5a3ce", kill_on_drop: false }`
[INFO] running `Command { std: "docker" "rm" "-f" "a0ee8ad6ced9c1309b4e76d5c982a9e1fb225a7ed7bdd911b839f3db60d5a3ce", kill_on_drop: false }`
[INFO] [stdout] a0ee8ad6ced9c1309b4e76d5c982a9e1fb225a7ed7bdd911b839f3db60d5a3ce
[INFO] running `Command { std: "docker" "create" "-v" "/var/lib/crater-agent-workspace/builds/worker-3-tc1/target:/opt/rustwide/target:rw,Z" "-v" "/var/lib/crater-agent-workspace/builds/worker-3-tc1/source:/opt/rustwide/workdir:ro,Z" "-v" "/var/lib/crater-agent-workspace/cargo-home:/opt/rustwide/cargo-home:ro,Z" "-v" "/var/lib/crater-agent-workspace/rustup-home:/opt/rustwide/rustup-home:ro,Z" "-e" "SOURCE_DIR=/opt/rustwide/workdir" "-e" "CARGO_TARGET_DIR=/opt/rustwide/target" "-e" "CARGO_INCREMENTAL=0" "-e" "RUST_BACKTRACE=full" "-e" "RUSTFLAGS=--cap-lints=forbid" "-e" "RUSTDOCFLAGS=--cap-lints=forbid" "-e" "CARGO_HOME=/opt/rustwide/cargo-home" "-e" "RUSTUP_HOME=/opt/rustwide/rustup-home" "-w" "/opt/rustwide/workdir" "-m" "1610612736" "--user" "0:0" "--network" "none" "ghcr.io/rust-lang/crates-build-env/linux@sha256:19e73879b68f455e41552ea35293514db52ea292d993f571636dbffedb77a1ee" "/opt/rustwide/cargo-home/bin/cargo" "+9610dfe5a9a731ced1ea4923ecbd0c57fe367898" "check" "--frozen" "--all" "--all-targets" "--message-format=json", kill_on_drop: false }`
[INFO] [stdout] bfbb14e234d76696ef63a2b6d8d29f02fd73ecd2f5640a45c089858b5bf181ae
[INFO] running `Command { std: "docker" "start" "-a" "bfbb14e234d76696ef63a2b6d8d29f02fd73ecd2f5640a45c089858b5bf181ae", kill_on_drop: false }`
[INFO] [stderr]    Compiling syn v1.0.99
[INFO] [stderr]    Compiling libc v0.2.132
[INFO] [stderr]    Compiling libm v0.2.5
[INFO] [stderr]    Compiling unicode-xid v0.2.3
[INFO] [stderr]    Compiling num-integer v0.1.45
[INFO] [stderr]    Compiling num-rational v0.4.1
[INFO] [stderr]    Compiling serde v1.0.144
[INFO] [stderr]    Compiling either v1.8.0
[INFO] [stderr]    Compiling base64 v0.13.0
[INFO] [stderr]    Compiling im-rc v15.1.0
[INFO] [stderr]    Compiling generic-array v0.14.6
[INFO] [stderr]    Compiling backtrace v0.3.66
[INFO] [stderr]    Compiling parity-wasm v0.42.2
[INFO] [stderr]    Compiling ppv-lite86 v0.2.16
[INFO] [stderr]    Compiling memory_units v0.4.0
[INFO] [stderr]    Compiling downcast-rs v1.2.0
[INFO] [stderr]    Compiling cpufeatures v0.2.4
[INFO] [stderr]    Compiling memchr v2.5.0
[INFO] [stderr]    Compiling bitmaps v2.1.0
[INFO] [stderr]    Compiling itertools v0.10.3
[INFO] [stderr]    Compiling gimli v0.26.2
[INFO] [stderr]    Compiling signature v1.6.0
[INFO] [stderr]    Compiling adler v1.0.2
[INFO] [stderr]    Compiling byteorder v1.4.3
[INFO] [stderr]    Compiling subtle v2.4.1
[INFO] [stderr]    Compiling rand_core v0.6.3
[INFO] [stderr]    Compiling num-bigint v0.4.3
[INFO] [stderr]    Compiling digest v0.9.0
[INFO] [stderr]    Compiling block-buffer v0.10.2
[INFO] [stderr]    Compiling crypto-common v0.1.6
[INFO] [stderr]    Compiling block-buffer v0.9.0
[INFO] [stderr]    Compiling rand_xoshiro v0.6.0
[INFO] [stderr]    Compiling miniz_oxide v0.5.3
[INFO] [stderr]    Compiling object v0.29.0
[INFO] [stderr]    Compiling sha2 v0.9.9
[INFO] [stderr]    Compiling digest v0.10.3
[INFO] [stderr]    Compiling ed25519 v1.5.2
[INFO] [stderr]    Compiling indexmap v1.9.1
[INFO] [stderr]    Compiling sized-chunks v0.6.5
[INFO] [stderr]    Compiling hashbrown v0.12.3
[INFO] [stderr]    Compiling getrandom v0.1.16
[INFO] [stderr]    Compiling static_assertions v1.1.0
[INFO] [stderr]    Compiling rand_core v0.5.1
[INFO] [stderr]    Compiling soroban-wasmi-validation v0.4.1
[INFO] [stderr]    Compiling rustc-demangle v0.1.21
[INFO] [stderr]    Compiling rand_chacha v0.2.2
[INFO] [stderr]    Compiling serde_json v1.0.85
[INFO] [stderr]    Compiling tinyvec v1.6.0
[INFO] [stderr]    Compiling rand v0.7.3
[INFO] [stderr]    Compiling sha2 v0.10.2
[INFO] [stderr]    Compiling log v0.4.17
[INFO] [stderr]    Compiling soroban-wasmi_core v0.1.0
[INFO] [stderr]    Compiling ryu v1.0.11
[INFO] [stderr]    Compiling dyn-fmt v0.3.0
[INFO] [stderr]    Compiling itoa v1.0.3
[INFO] [stderr]     Checking stellar-xdr v0.0.2 (https://github.com/stellar/rs-stellar-xdr?rev=fee9a43#fee9a436)
[INFO] [stderr]    Compiling wasmparser v0.88.0
[INFO] [stderr]    Compiling soroban-wasmi v0.11.0
[INFO] [stderr]    Compiling addr2line v0.17.0
[INFO] [stderr]    Compiling synstructure v0.12.6
[INFO] [stderr]    Compiling darling_core v0.14.1
[INFO] [stderr]    Compiling serde_derive v1.0.144
[INFO] [stderr]    Compiling zeroize_derive v1.3.2
[INFO] [stderr]    Compiling soroban-native-sdk-macros v0.0.4 (https://github.com/stellar/rs-soroban-env?rev=c8bc71d#c8bc71d5)
[INFO] [stderr]    Compiling thiserror-impl v1.0.32
[INFO] [stderr]    Compiling bytes-lit v0.0.3
[INFO] [stderr]    Compiling zeroize v1.3.0
[INFO] [stderr]    Compiling curve25519-dalek v3.2.1
[INFO] [stderr]    Compiling darling_macro v0.14.1
[INFO] [stderr]    Compiling thiserror v1.0.32
[INFO] [stderr]     Checking ed25519-dalek v1.0.1
[INFO] [stderr]    Compiling darling v0.14.1
[INFO] [stderr]    Compiling soroban-env-macros v0.0.4 (https://github.com/stellar/rs-soroban-env?rev=c8bc71d#c8bc71d5)
[INFO] [stderr]    Compiling soroban-env-common v0.0.4 (https://github.com/stellar/rs-soroban-env?rev=c8bc71d#c8bc71d5)
[INFO] [stderr]     Checking soroban-env-host v0.0.4 (https://github.com/stellar/rs-soroban-env?rev=c8bc71d#c8bc71d5)
[INFO] [stderr]    Compiling soroban-spec v0.0.4
[INFO] [stderr]    Compiling soroban-sdk-macros v0.0.4 (https://github.com/stellar/rs-soroban-sdk?rev=06e73968#06e73968)
[INFO] [stderr]     Checking soroban-sdk v0.0.4 (https://github.com/stellar/rs-soroban-sdk?rev=06e73968#06e73968)
[INFO] [stderr]     Checking soroban-auth v0.0.4 (https://github.com/stellar/rs-soroban-sdk?rev=06e73968#06e73968)
[INFO] [stderr]     Checking soroban-increment-contract v0.0.0 (/opt/rustwide/workdir/increment)
[INFO] [stderr]     Checking soroban-cross-contract-a-contract v0.0.0 (/opt/rustwide/workdir/cross_contract/contract_a)
[INFO] [stderr]     Checking soroban-hello-world-contract v0.0.0 (/opt/rustwide/workdir/hello_world)
[INFO] [stderr]     Checking soroban-custom-types-contract v0.0.0 (/opt/rustwide/workdir/custom_types)
[INFO] [stderr]     Checking soroban-events-contract v0.0.0 (/opt/rustwide/workdir/events)
[INFO] [stderr]     Checking soroban-cross-contract-b-contract v0.0.0 (/opt/rustwide/workdir/cross_contract/contract_b)
[INFO] [stdout] error: No such file or directory (os error 2)
[INFO] [stdout]  --> cross_contract/contract_b/src/lib.rs:6:5
[INFO] [stdout]   |
[INFO] [stdout] 6 | /     soroban_sdk::contractimport!(
[INFO] [stdout] 7 | |         file = "../../target/wasm32-unknown-unknown/release/soroban_cross_contract_a_contract.wasm"
[INFO] [stdout] 8 | |     );
[INFO] [stdout]   | |_____^
[INFO] [stdout]   |
[INFO] [stdout]   = note: this error originates in the macro `soroban_sdk::contractimport` (in Nightly builds, run with -Z macro-backtrace for more info)
[INFO] [stdout] 
[INFO] [stdout] 
[INFO] [stdout] error: No such file or directory (os error 2)
[INFO] [stdout]  --> cross_contract/contract_b/src/lib.rs:6:5
[INFO] [stdout]   |
[INFO] [stdout] 6 | /     soroban_sdk::contractimport!(
[INFO] [stdout] 7 | |         file = "../../target/wasm32-unknown-unknown/release/soroban_cross_contract_a_contract.wasm"
[INFO] [stdout] 8 | |     );
[INFO] [stdout]   | |_____^
[INFO] [stdout]   |
[INFO] [stdout]   = note: this error originates in the macro `soroban_sdk::contractimport` (in Nightly builds, run with -Z macro-backtrace for more info)
[INFO] [stdout] 
[INFO] [stdout] 
[INFO] [stdout] error[E0433]: failed to resolve: could not find `ContractClient` in `contract_a`
[INFO] [stdout]   --> cross_contract/contract_b/src/lib.rs:16:34
[INFO] [stdout]    |
[INFO] [stdout] 16 |         let client = contract_a::ContractClient::new(&env, contract_id);
[INFO] [stdout]    |                                  ^^^^^^^^^^^^^^ could not find `ContractClient` in `contract_a`
[INFO] [stdout] 
[INFO] [stdout] 
[INFO] [stdout] error[E0433]: failed to resolve: could not find `ContractClient` in `contract_a`
[INFO] [stdout]   --> cross_contract/contract_b/src/lib.rs:16:34
[INFO] [stdout]    |
[INFO] [stdout] 16 |         let client = contract_a::ContractClient::new(&env, contract_id);
[INFO] [stdout]    |                                  ^^^^^^^^^^^^^^ could not find `ContractClient` in `contract_a`
[INFO] [stdout] 
[INFO] [stdout] 
[INFO] [stdout] error[E0425]: cannot find value `WASM` in module `contract_a`
[INFO] [stdout]   --> cross_contract/contract_b/src/test.rs:15:60
[INFO] [stdout]    |
[INFO] [stdout] 15 |     env.register_contract_wasm(&contract_a_id, contract_a::WASM);
[INFO] [stdout]    |                                                            ^^^^ not found in `contract_a`
[INFO] [stdout] 
[INFO] [stdout] 
[INFO] [stdout] error: aborting due to 2 previous errors
[INFO] [stdout] 
[INFO] [stdout] 
[INFO] [stdout] For more information about this error, try `rustc --explain E0433`.
[INFO] [stdout] 
[INFO] [stderr] error: could not compile `soroban-cross-contract-b-contract` (lib) due to 3 previous errors
[INFO] [stderr] warning: build failed, waiting for other jobs to finish...
[INFO] [stdout] error: aborting due to 3 previous errors
[INFO] [stdout] 
[INFO] [stdout] 
[INFO] [stdout] Some errors have detailed explanations: E0425, E0433.
[INFO] [stdout] 
[INFO] [stdout] For more information about an error, try `rustc --explain E0425`.
[INFO] [stdout] 
[INFO] [stderr] error: could not compile `soroban-cross-contract-b-contract` (lib test) due to 4 previous errors
[INFO] running `Command { std: "docker" "inspect" "bfbb14e234d76696ef63a2b6d8d29f02fd73ecd2f5640a45c089858b5bf181ae", kill_on_drop: false }`
[INFO] running `Command { std: "docker" "rm" "-f" "bfbb14e234d76696ef63a2b6d8d29f02fd73ecd2f5640a45c089858b5bf181ae", kill_on_drop: false }`
[INFO] [stdout] bfbb14e234d76696ef63a2b6d8d29f02fd73ecd2f5640a45c089858b5bf181ae
